= -j - 6. Determine b(k).
0
Let t(r) be the third derivative of r**6/120 + r**5/30 - r**3/3 - r**2. Let w be -1*(5/(-1) + 1) - 6. Let l be t(w). Let u(v) = v**2 + 3*v. Give u(l).
-2
Let j(v) = -2*v + 45. Let u(y) = 3*y - 75. Let n(x) = 12*j(x) + 7*u(x). Calculate n(4).
3
Let l(j) be the third derivative of -j**9/60480 - j**8/10080 - j**6/360 + 11*j**5/60 + 11*j**2. Let c(v) be the third derivative of l(v). Determine c(-3).
7
Let s(m) be the first derivative of -m**3/3 - m**2/2 + 6*m + 11. Let d(i) = 1. Let u(b) = 6*d(b) - s(b). Calculate u(-2).
2
Let b(l) = -2*l + 27. Let z be (1 - 9)*(-42)/21. Determine b(z).
-5
Let u be ((-5)/2 - 1) + 35/70. Let n(t) = -3*t + 1. Give n(u).
10
Suppose 5*u = -3 - 7. Let m(w) = -2*w**2 - w + 1. Let l be m(u). Let k(j) be the second derivative of -j**5/20 - j**4/2 - 2*j**3/3 - 7*j**2/2 + 7*j. Give k(l).
-12
Suppose -2 = -5*q - 2. Let v = 0 + 7. Let n(m) = 8 + q - v + 2*m. What is n(-4)?
-7
Let a(b) = b - 7. Let j(t) = -50*t + 310. Let o(y) = 90*a(y) + 2*j(y). Calculate o(0).
-10
Let n(d) = -13*d**3 - 5*d**2 + 7*d + 6. Let j be (10/(-5) - 4)/1. Let t(x) = 11*x**3 + 4*x**2 - 6*x - 5. Let y(i) = j*t(i) - 5*n(i). Give y(-1).
1
Let a(u) = -u**2 + 2*u + 1. Let q(x) = 6*x**2 - 6*x - 4. Let z(s) = 4*a(s) + q(s). What is z(-3)?
12
Let i(x) = -3*x - 50. Let s be i(-19). Let c(k) = k**3 - 6*k**2 - 10*k + 17. Determine c(s).
-4
Let d be ((-6)/(-4) - -1)/(5/4). Let b(q) = q**2 - 2*q + 3. Determine b(d).
3
Let r(s) = s**2 + 5*s + 3. Let o be r(-5). Let q(k) = -3*k**3 + 2*k**3 + k - 4 + 2*k - o*k**2. Let w = 646 + -650. What is q(w)?
0
Let s(w) = -2*w. Suppose 5*t - h = 34, t - 9 = -t + 5*h. Let d = -6 + t. Give s(d).
-2
Let a(d) = 3*d**2 + 4*d. Let l(o) = 4*o**2 + 3*o + 1. Let k(t) = 5*a(t) - 4*l(t). Calculate k(7).
3
Let s(a) = a**3 + 3*a**2 - 3*a + 1. Let f(r) = -r**3 - 11*r**2 - 19*r - 7. Let k be f(-9). Suppose -k*i - 5 - 3 = -4*d, -4*d = -3*i - 8. What is s(d)?
15
Let m be (7 - (-1 + 9)) + 7. Let o(s) = -4*s + 15. What is o(m)?
-9
Let w(l) = -l**3 + 3*l**2 - 2*l - 9. Let j be w(4). Let x = j - -36. Let y(i) = i**3 - 4*i**2 + i + 3. Give y(x).
-3
Suppose 36*l = 26*l + 60. Let c(y) = y**2 - 6*y - 2. Give c(l).
-2
Let y(g) = -2*g + 20. Let j be y(9). Let w be (-5 - j)/1*(-1)/1. Let m(b) = b**2 - 7*b. Calculate m(w).
0
Let v(p) be the third derivative of -p**6/120 - 13*p**5/60 - 5*p**4/8 - 11*p**3/6 - 125*p**2. Calculate v(-12).
25
Let i(x) be the second derivative of -2*x**3/3 - 8*x**2 + 44*x. What is i(-6)?
8
Suppose 2*k + 17 = 21. Suppose g = -3*z + 6, -4*g + k*z - 15 = 3. Let o(c) = -2*c**3 - 4*c**2 + 2*c + 3. Give o(g).
15
Let h(s) = s + 6. Suppose -16*a + 2*o = -14*a + 22, 3*o + 33 = -3*a. Give h(a).
-5
Let u(v) = -v**3 - 6*v**2 - 5*v - 2. Let t be 1*(-1)/2*(-30)/(-3). Calculate u(t).
-2
Let d = -320 - -331. Let p(t) = 9*t**3 - 27*t**2 - 27*t - 25. Let g(j) = 4*j**3 - 13*j**2 - 13*j - 12. Let m(w) = -7*g(w) + 3*p(w). Calculate m(d).
-2
Let v be (6/(-9))/((-1)/3). Suppose 7*i = v*i + 10. Suppose -3*k = -2*y + 7, 6*y - 20 = i*y. Let g(j) = -9*j**3 + j**2 - j + 1. Calculate g(k).
-8
Let l(o) = o + 11. Let b = 11 - 18. Let n be l(b). Let h(s) be the first derivative of -s**2/2 + 5*s + 1. Give h(n).
1
Let v(q) be the second derivative of q**4/6 - q**3/6 - 7*q. Suppose -t + 5*t = 4. Let o be v(t). Let r(j) = 10*j**3 + j**2 - j + 1. Give r(o).
11
Let y(s) = -3*s - 2. Let j(v) = 10*v + 5. Suppose -6*i - 47 = -11*i - 3*l, 2*l - 8 = 0. Let t(h) = i*y(h) + 2*j(h). Determine t(-6).
2
Suppose 3*x + 9 - 12 = 0. Suppose 0 = -3*i - i - 5*b + 1, 4*b + x = -5*i. Let j(h) = -4*h. What is j(i)?
4
Let r(q) be the first derivative of 1/2*q**2 - 7 + 1/6*q**3 + 3*q. Let u(p) be the first derivative of r(p). Give u(-2).
-1
Let p(h) = -h**3 - 3*h**2 - 5*h - 1. Let f(o) = 2*o**3 + 6*o**2 + 11*o + 2. Let r(y) = -4*f(y) - 9*p(y). Calculate r(-2).
3
Let n be (-126)/378*(6 + 0/(-2)). Let z(t) = -t**3 - 3*t**2 + 3*t + 4. Calculate z(n).
-6
Let d = 19/18 + -35/36. Let o(g) be the second derivative of -d*g**4 - 1/2*g**3 - 3/2*g**2 - 2*g + 0. What is o(-2)?
-1
Let i(t) = -5*t - 14 + 33 - 9 - 15 + 5*t**2 + t**3. What is i(-6)?
-11
Let w(v) = -3*v + 19 - 39 + 21. What is w(1)?
-2
Let d(l) = -l**2 - 33*l - 238. Let p be d(-22). Let b(r) be the second derivative of 5*r + 0 - 1/12*r**p + 1/2*r**2 + 1/3*r**3. Determine b(4).
-7
Let b(i) = -i**3 + i**2 - i - 16. Suppose 25*q + 19*q = 12*q. Determine b(q).
-16
Let t(a) = 22*a**3 - a**2 + 9*a - 31. Let r(x) = 26*x**3 - x**2 + 10*x - 36. Let b(j) = 6*r(j) - 7*t(j). Suppose -2*f - 2 + 6 = 0. Give b(f).
15
Let y(z) = -z + 61. Let t(o) = -33. Let p(w) = -5*t(w) - 2*y(w). Calculate p(-23).
-3
Let m(s) = 3*s - 16. Let g(p) = p**3 + 6*p**2 - 2*p - 5. Let i be g(-6). Calculate m(i).
5
Suppose -109 + 529 = -7*o. Let r = o + 55. Let d(g) = -1 - 4 - g - 4. What is d(r)?
-4
Let h(i) = -i**3 - 7*i**2 - 5*i + 5. Suppose -29 = q - 23. Determine h(q).
-1
Suppose 4*q = 5*h + 7, 2*q - 10 = 3*h - 7*h. Let i(n) = -3*n**2 - 2. What is i(q)?
-29
Let i(h) = h**3 + 10*h**2 + h + 6. Let v = 127 - 137. Calculate i(v).
-4
Suppose 103*g - 107*g + 12 = 0. Let i(s) be the first derivative of s**2 - 3*s - 2. Give i(g).
3
Let j(x) = -2*x - 14. Let w = -13 - -6. Calculate j(w).
0
Let p(s) = -2*s**2 + s + 5. Let q(u) = -u**2 + 3. Let z(o) = -3*p(o) + 5*q(o). Let n(a) = 41*a + 373. Let d be n(-9). Give z(d).
4
Let v(r) = r**2 + 3*r - 6. Suppose -5*q + 16 = 2*z, 3*z + 3 - 2 = 5*q. Suppose 0 = -z*y + y - 10. Calculate v(y).
4
Let d be 3 - (-2 - (-5 + -216)). Let q = d + 221. Let z(p) = -1 - 3*p - 3 + 4*p. What is z(q)?
1
Let r(l) = -l**3 - l + 11. Suppose -14 = -13*k + 25. Suppose -2*z + 2*z = k*z. Determine r(z).
11
Let a = 581 + -575. Let d(c) be the first derivative of 1 - 1/2*c**2 - a*c. Calculate d(-4).
-2
Let x be 357/(-14)*(-2)/3. Let c = x - 14. Let q(b) = -3 + 4*b + b - 2*b. Give q(c).
6
Let v(x) = -10*x + 1. Let z(n) = 21*n - 2. Let u(c) = -9*v(c) - 4*z(c). Suppose -a = 4*a + 5*y - 10, 2*a - 4 = 3*y. Give u(a).
11
Let o(m) = 2*m - 35. Suppose 10 + 0 = 3*q + 5*s, -q + 5*s - 10 = 0. Determine o(q).
-35
Let n(w) be the second derivative of -w**3/2 - w**2 + 25*w + 3. Let o be 2 - (-2 + 2)/3. Determine n(o).
-8
Suppose 2*c + 4 = 4*r - 2*r, -3*c = -2*r + 2. Suppose -5*x - 3*w + 6 = 0, r = -5*x + 5*w - 6. Let v(m) = m + 11. Give v(x).
11
Let v(s) = -3*s**3 - s + 4*s**3 + 2 - 3*s**2 + 2*s - 7. Let m(g) = 3*g**3 - g**3 + 5*g**2 - 2*g - 4*g**3 + 11. Let w(f) = -2*m(f) - 5*v(f). What is w(4)?
15
Let g be 0/(-2) - 1*-2. Let i(t) be the third derivative of t**4/8 - 130*t**2. Give i(g).
6
Let j(s) = 0*s + 3*s - 17*s + s**2 + 6*s + 10. Determine j(7).
3
Suppose -29*o - 75 = -34*o. Let v be -6 - ((-9)/o - (-4)/(-10)). Let t(g) = -2*g**2 - 6*g + 5. What is t(v)?
-15
Let b(j) = -j - 7. Let m be b(-9). Suppose -2*g - m = 0, 4*h = 2*g - g - 7. Let r(q) = -8*q + 8*q - q + 2*q. Give r(h).
-2
Let s(g) = 4*g**3 - g**2 + 2*g - 1. Let w be 12/15*(-10)/(-4). Suppose 4*h + 26 = -3*v, w*v + 5*h + 2 = -27. Let a be (0 - v)*3/6. Give s(a).
4
Suppose 0 = 2*k - 7*k + 15. Let o(i) = -17*i**2 - 11*i - 8. Let r(s) = -14*s**2 - 10*s - 6. Let c(y) = 5*o(y) - 6*r(y). Determine c(k).
2
Let u(n) = -36 + 22 + 14 + 11*n. Determine u(3).
33
Let l(a) be the second derivative of a**3/6 + a**2 - 69*a + 2. What is l(2)?
4
Let f(i) = 17*i - 44. Let v(l) = -18*l + 36. Let j(t) = -3*f(t) - 4*v(t). What is j(1)?
9
Let u(l) = l**2 + 4*l - 2. Suppose -4*t - 12 = 4, -4*q - 4*t - 56 = 0. Let g be (22/55)/(1/q). Determine u(g).
-2
Let j be -1*(14 - 8) - -2*4. Let v(o) = -3*o**2 - 2*o + 3. Determine v(j).
-13
Let g = 1607 - 1611. Let k(s) = 3*s**2 + 7*s + 3. Let r(b) = -b**2 - b + 1. Let q(t) = k(t) + 2*r(t). What is q(g)?
1
Let q(w) = 10*w - 1. Let m(a) = 3*a - 14. Let i(y) = -y + 1. Let s(t) = -i(t) - m(t). Let g be ((-7)/4)/(1/(-8)*2). Let p be s(g). What is q(p)?
-11
Let v(r) = -3*r**2 + r. Let a(x) = 19*x**2 + 8. Let l(q) = -a(q) - 6*v(q). Determine l(-4).
0
Suppose -4*c + 4 = k, -2*c - 2*c - 20 = -2*k. Let j(q) = q**2 - 8*q - 9. Give j(k).
-9
Let n(c) = c**2 - 3*c. Let t be n(4). Suppose -t = -7*p + 5*p. Let s(h) = 3*h + 0*h + 0*h**2 - 2 + h - h**p. Calculate s(4).
-2
Let k(p) = 2*p**2 - 4*p + 2. Let x be k(3). Let d(n) = -n**3 + 7*n**2 + 10*n + 1. Give d(x).
17
Let s(a) = -a**3 + 4*a